= y + 6 - 10. Suppose 4*k = -y*k + 32. What are the prime factors of -1 + k - -2 - -2?
7
Suppose g + c = -c, 5*g = -2*c + 8. Let s = -70 - -104. Suppose -s - 30 = -g*z. List the prime factors of z.
2
Let x be ((-28)/63)/((-2)/18). Suppose 0 = i - x*i + 48. List the prime factors of i.
2
Let m = -22 - -27. Suppose -w + m*u - 21 = -0, 9 = -w + 2*u. What are the prime factors of 34 - -1*(1 - w)?
2, 3
Suppose 3*j - 114 = 6*j. Let q = j + 37. List the prime factors of (-2 + (-56 - -3))*q.
5, 11
Suppose 2530 = 19*x - 14*x. What are the prime factors of x?
2, 11, 23
Suppose g - 4*w = 51, -g - 3*w + 17 = -41. Suppose 4*x - 21 - g = 0. Suppose x = 4*j - 3*j. What are the prime factors of j?
19
Let i be (-2)/(-7) + 6/(-21). Suppose -2*u + 4*v = u - 56, -2*u + 4*v = -36. Suppose 0 = 5*m + 25, m = 5*z - i*m - u. What are the prime factors of z?
3
Let r be (-14)/3*(-108)/42. Suppose 4*d = 0, 5*d - 2*d = 3*k - 15. Let s = r - k. List the prime factors of s.
7
Suppose 4*l - p - 956 = 0, 4*p = p. Let s = l + -143. Suppose -g = 3*g - s. What are the prime factors of g?
2, 3
Suppose 81 = 78*j - 75*j. Suppose 23*g - j*g = -128. What are the prime factors of g?
2
Suppose 5*g - 9*g = 0. Suppose g*n - n + 11 = -2*p, 3*p = -2*n - 20. List the prime factors of 61 - 1 - (6 + p).
2, 3, 5
Let c(s) = -4*s - 3. Let u be c(-4). What are the prime factors of 1 + u - (-5 + 5)?
2, 7
Let x be (-3)/(6/4) - -3. Let d be (-7)/(4*x/4). Let m(v) = v**3 + 8*v**2 + 7*v + 2. What are the prime factors of m(d)?
2
Suppose -3*n = -0*n + 18. Let v be n/15*80/(-1). Let y = v + -3. List the prime factors of y.
29
Suppose 0 = -2*o + 10 - 24. Let t(k) = -8*k + 10. List the prime factors of t(o).
2, 3, 11
Let g be 8 + 4/(-8)*8. List the prime factors of g + 13/((-65)/(-420)).
2, 11
Let n(i) = -15*i**3 + 5*i**2 - 3*i. What are the prime factors of n(-4)?
2, 263
Suppose 41*v = 46*v - 3965. List the prime factors of v.
13, 61
Suppose 5*g = 15*g - 520. What are the prime factors of g?
2, 13
Suppose -30696 = -67*r + 138546. List the prime factors of r.
2, 3, 421
Suppose 7 = -5*v + y - 4, -5*y = 20. Let u be (-15)/10*8/v. Suppose -u*l = 2*z - 112, -5*l + 145 = 6*z - z. List the prime factors of l.
3
Let u(n) = -5*n**3 - n**2 - 2*n - 1. Let p be u(2). Let k = 185 + p. List the prime factors of k.
2, 17
Let z(a) = 3*a - 2. Let t be z(-7). Let f = -55 - -16. Let u = t - f. What are the prime factors of u?
2
Let x(y) = -1 - y + 3*y + 5*y - 2. List the prime factors of x(7).
2, 23
Let y(i) = 14*i**2 - 8*i + 27. List the prime factors of y(5).
337
Let i = 9 + -17. Let f be -2 - (i/(-4))/(-1). Let h(l) = l**3 - l**2 - l + 45. What are the prime factors of h(f)?
3, 5
Suppose -2*t + 3*t = 2*v - 22, -2*t + 5*v - 45 = 0. Let d be t/(-5)*(-2)/(-4). Suppose 5*q = -d*s + 163, -s + 0*s - 166 = -5*q. List the prime factors of q.
3, 11
Let g be 16/2*(-1)/2. What are the prime factors of -1 - 3 - (g - 134 - 1)?
3, 5
Let s = -79 + 152. Let k = 121 - s. List the prime factors of k.
2, 3
List the prime factors of (-30)/(-25)*51/(-9)*-130.
2, 13, 17
Suppose 0 = 5*l - 12*l + 14. Suppose 3*d - l*j - 105 = 0, d - 3*d = 5*j - 89. List the prime factors of d.
37
What are the prime factors of 832/10 - 212/(-265)?
2, 3, 7
Let v = 2367 + -1098. What are the prime factors of v?
3, 47
Let b(s) = -s + 2. Let w be b(-2). Suppose 0 = -w*r + l + 16, -2*r + r - 3*l + 17 = 0. What are the prime factors of (r/4)/((-5)/(-180))?
3, 5
Let k be (2 - -2)/4 - -11. Suppose -5*w - k = u - 1, -23 = -3*u - w. What are the prime factors of u?
3
Let o be 44/(-33)*(-6)/4. Suppose 56 = 2*d + 2*v - 98, 0 = 3*d - o*v - 241. List the prime factors of d.
79
Suppose -p - 2*y = -3*p + 400, 2*p - 3*y - 398 = 0. What are the prime factors of p?
2, 101
Let g(y) = 11*y**2 + 11*y + 3. Let w(p) = 6*p**2 + 5*p + 2. Let f(c) = 3*g(c) - 5*w(c). What are the prime factors of f(-6)?
59
Let h(u) = -u + 25. Let b be h(20). Suppose -3*i - 6*q + 16 = -q, 0 = -b*i + q + 36. List the prime factors of i.
7
Suppose 2*k + 2*t - 446 = 0, 2*t + t + 657 = 3*k. Suppose 0 = -4*d + 491 + k. List the prime factors of d.
2, 89
Suppose 8 = 5*s + a - 4, 4*s - 24 = 4*a. Let i be -1 + s/6*2. Suppose -14 = -n - i. What are the prime factors of n?
2, 7
Suppose 22*f = 21447 + 7791. What are the prime factors of f?
3, 443
Let j(h) = -h**2 - 4*h + 7. Let w be j(-5). Suppose 4*f - 3*d = 34, w*f - 2*d - 11 = f. What are the prime factors of f?
7
Suppose 24*d = 23*d + 3. Suppose -l - d*m + 44 = 0, -3*m + 131 = 3*l - 13. List the prime factors of l.
2, 5
Let l be (-1)/1*((-245)/1)/(-5). What are the prime factors of (-14)/l + (-498)/(-21)?
2, 3
Let t(o) = 2*o**3 - 9*o**2 + 12*o - 6. List the prime factors of t(6).
2, 3, 29
Suppose -13*x = -2*x - 165. Suppose -5*h - x + 120 = 0. List the prime factors of h.
3, 7
Let m(d) = -d**3 + 14*d**2 + 16*d - 5. Let c be (-4)/(12/9) - -18. Let a be m(c). Let k = 25 + a. What are the prime factors of k?
5, 7
Suppose -7*f = 8 - 29. Suppose -a = f*a - 240. List the prime factors of a.
2, 3, 5
Let l = -148 + 241. Let c be l/(-6)*-2 - 2. Suppose 4*q = -5*j + c, q - 5*j - 2 = -j. List the prime factors of q.
2, 3
Let s(o) = -60*o + 58. Let i be s(-11). List the prime factors of -1*(-14)/(-49) - i/(-14).
3, 17
Suppose 4*r = 12 - 228. List the prime factors of ((-6129)/r)/(1/2).
227
Suppose -2*q - 109 = -c, -3*q = -2*c - 4*q + 233. Let o = -160 + 87. Let k = o + c. What are the prime factors of k?
2, 3, 7
What are the prime factors of 1065/(11 - 156/15)?
5, 71
List the prime factors of (-1304)/12*(-3 - 0).
2, 163
Suppose d + 4 + 16 = 5*w, 3*d = -3*w + 12. Suppose d*g - 5*k = -2*g + 11, 0 = -2*k - 2. Suppose 0 = 2*r - g*j - 21, 3*j - 3 = 2*j. List the prime factors of r.
3, 5
Let z = 7109 - 4370. List the prime factors of z.
3, 11, 83
Let j = -71 + 116. Suppose -4*u = 4*f - 184, 3*f = u - 17 - j. What are the prime factors of u?
2, 5
Suppose -l = 5 - 1. List the prime factors of (-6)/l - 1946/(-28).
71
Suppose 7*w - 17*w = -3200. What are the prime factors of w?
2, 5
Let g = 69 - 79. List the prime factors of ((-8)/g)/(10/1375).
2, 5, 11
List the prime factors of 14496/10 + ((-13)/5 - -3).
2, 5, 29
Suppose 2*n = 82 + 128. List the prime factors of n.
3, 5, 7
Let k be (-270)/33 + (-2)/(-11). Let l be 3*(-3)/(-12)*k. List the prime factors of l/(-6) - -3*1.
2
Let k(y) = y**2 + 8*y + 27. Let t be k(-6). Suppose 3*b - t - 5 = -s, b - 4*s + 15 = 0. What are the prime factors of b?
5
Let z(b) = 87*b**2 + b + 1. List the prime factors of z(-1).
3, 29
Suppose 2*y - 164 - 2 = 0. Let h = y + -29. What are the prime factors of h?
2, 3
Let q(t) = t**3 - 14*t**2 + 32*t - 17. List the prime factors of q(16).
19, 53
List the prime factors of 2151 + 0/(-10) - 3.
2, 3, 179
What are the prime factors of (-7)/(-21) + (-2040)/(-9)?
227
List the prime factors of 1852*((4 - -4) + -7 + 1).
2, 463
Let y(t) = -t**2 - 11*t - 10. Let m = 7 - 5. Suppose -4*z + m = 2*v - 9*z, -26 = 2*v + 2*z. What are the prime factors of y(v)?
2
Suppose -12 = -6*x + 12. Suppose 2*v = -3*t + 93, 2*v - 6*v + x*t = -156. List the prime factors of v.
2, 3, 7
Let j(u) = -5*u**2 - 3*u - 2. Let b = 5 - 8. Let s be j(b). Let l = -8 - s. What are the prime factors of l?
2, 3, 5
Let y(a) = a**3 + 6*a**2 + 3. Let v be y(-6). Let g(x) = -x**2 + 7*x - 2. Let b be g(v). Let l = 7 + b. List the prime factors of l.
17
Suppose d = -3*d + 24. Let v be (-1)/((-3)/d) + 3. What are the prime factors of v/(1 - (-14)/(-16))?
2, 5
Let t(b) = -b**2 + 17*b - 29. Let o be t(15). List the prime factors of (-1 - o) + (145 - (5 - 6)).
2, 3
Suppose -5*i + 10*d + 1326 = 14*d, d - 790 = -3*i. List the prime factors of i.
2, 131
Suppose -7*s - 508 + 88 = 0. Let h = -32 - -7. Let g = h - s. List the prime factors of g.
5, 7
Suppose -11*n + 2*n = -2061. Suppose 363 + n = 4*g. What are the prime factors of g?
2, 37
Let u be -2 + (-6)/(-9)*-15. Let a be 4/3 + u/(-18). Suppose w - 3*z = 29, 0 = a*z - 13 + 5. What are the prime factors of w?
41
Let s be (-1)/((2/(-4))/((-6)/(-4))). What are the prime factors of s/(-6)*28/(-7)?
2
Let b = 26 + -20. Let s = b + 33. List the prime factors of s.
3, 13
Suppose 56*u - 4488 = 48*u. List the prime factors of u.
3, 11, 17
Let k be (-53)/(-4) + 5 + 147/(-28). Let q = k + 41. What are the prime factors of q?
